.
4
Let s(o) be the second derivative of -o**5/20 + o**4/4 - o**3/3 + 9*o. Let x be ((-15)/(-5))/(1 - 0). Calculate s(x).
-6
Let i be 2*((-14)/(-4) + -2). Let o be i/((-4)/(-18) + 62/(-36)). Let z(w) = -2*w**3 - 2*w**2 + w + 1. Determine z(o).
7
Let p(q) = -11*q - 10*q**2 + 723 + 6*q**3 - 7*q**3 - 742. Calculate p(-9).
-1
Let o(z) = -7*z + 5. Let c be o(1). Suppose 2*q - 5*g + 44 = -q, 16 = -q + g. Let a be 12/q*(-12)/c. Let t(d) = d + 4. What is t(a)?
0
Let u(p) = 2*p**2 - 88*p + 94. Let j be u(43). Let r(f) = -f**3 + 8*f**2 - 8. Give r(j).
-8
Let j(m) = 37*m**2 - 6*m + 17. Let k(s) = -52*s**2 + 9*s - 25. Let w(g) = -7*j(g) - 5*k(g). Calculate w(4).
10
Suppose 0 = 6*u - 3*u. Suppose u = s - 2. Let t(r) = 10*r + 12*r - 27*r. Calculate t(s).
-10
Let b(l) = l**3 - 12*l**2 - 13*l - 4. Let s = -197 - -210. Give b(s).
-4
Let z(p) = -5*p - 2. Let m be z(-1). Suppose 0 = i - m - 6. Let d = 11 - i. Let f(s) = s**3 - s**2 - s - 1. Calculate f(d).
1
Let x(i) = -10*i**2 - 28*i - 28. Let o(m) = 3*m**2 + 9*m + 9. Let p(r) = -7*o(r) - 2*x(r). Let q be -1 + (-15)/4 + (-25)/100. What is p(q)?
3
Let t be -2*21/(-56)*4. Let c(k) = -k**2 + 4. What is c(t)?
-5
Let t(a) be the second derivative of a**5/20 + 3*a**4/4 - a**2 - a + 45. Calculate t(-9).
-2
Let i(q) be the second derivative of -q**4/4 + 5*q**3/6 + 15*q**2/2 - 52*q. Determine i(-2).
-7
Let o(b) = -b**3 - 6*b**2 - 4*b + 3. Suppose 25 + 23 = -2*i. Let n be -1 + (0 + -6 - i/8). Give o(n).
-13
Let v = -5 - -10. Suppose -4 = -v*k + 16. Suppose 4*j + 15 = -k*g - 29, j = 2*g + 7. Let p(x) = -x + 2. What is p(g)?
8
Let l(h) = h**2 - h - 9. Let p(b) = -2*b - 7. Let o be p(-4). Let k be 1*0/(-2)*o. What is l(k)?
-9
Let u(k) = -963 + 483 - k + 482. Determine u(-4).
6
Let q(v) be the first derivative of -v**4/24 - v**3/6 + 11*v**2/2 - 11. Let d(i) be the second derivative of q(i). Let y be (-2 + (1 - 0))*2. Calculate d(y).
1
Let c(a) = -a + 1. Let d(j) be the third derivative of -j**6/120 - j**5/15 + 7*j**4/24 - j**3 - 12*j**2. Let q(u) = -6*c(u) - d(u). Give q(-4).
4
Let z = 1 + -4. Let r(m) = -28*m**2 - 11*m + 28. Let k(p) = -13*p**2 - 5*p + 13. Let x(y) = 13*k(y) - 6*r(y). Calculate x(z).
-11
Let b(g) = -g**3 - 5*g**2 + 2*g + 7. Suppose -4*f - 12 = -10*f. Suppose 0 = 3*w - 3, f*s = -3*w + w - 30. Let p = -21 - s. Determine b(p).
-3
Let d be 1 + (-2 - -1 - 1). Let i(r) be the second derivative of 5*r**4/6 - r**3/6 - 10*r - 10. Give i(d).
11
Let d(s) = 6*s - 4. Let a be (2/(-6))/((-103)/927). Determine d(a).
14
Let m(s) = -2*s**3 - 10*s**2 - 4*s + 1. Suppose -32 + 8 = 4*v. Let n(g) = g**3 + 5*g**2 + 2*g. Let i(q) = v*m(q) - 11*n(q). Calculate i(-5).
-16
Let y(i) = 8 + 17 + 20 + 8*i. Let v(p) = -2*p - 11. Let h(j) = -9*v(j) - 2*y(j). Let z be 0/(-2) - (6 - 0). What is h(z)?
-3
Let f(u) = u**3 + u**2 - u. Let w(o) = 2*o**3 + 8*o**2 - 3*o - 1. Let p(v) = 4*f(v) - w(v). Let d be p(-1). Let i(k) = -k**3 - 4*k**2 + k + 3. Determine i(d).
-1
Let d = -22 + 46. Let q be d/(-56) - (-202)/14. Suppose -5*x - q - 6 = 0. Let r(t) = -t**2 - 5*t. Determine r(x).
4
Let r(n) = 9*n + 12. Let p(d) = 10*d + 25. Let g(l) = 2*p(l) - 3*r(l). Give g(3).
-7
Let c(i) = -i**2 - 3*i + 2. Suppose -12*n + 22 = 2*b - 8*n, -5*b = -2*n - 7. Calculate c(b).
-16
Let k(y) = 4*y - 1051 - 3*y + 509 + 522. Calculate k(6).
-14
Let z(r) = -4*r + 3. Let n(g) = -7*g + 5. Let c(a) = -3*n(a) + 5*z(a). Let y(p) = 3*p. Let o(q) = -5*c(q) + 2*y(q). What is o(-6)?
-6
Let l(g) = -4*g + 1. Let y = -1 + 6. Suppose 0 = -3*q - y + 17. Suppose -2*z - 2 = 0, 3*z + 0*z - 1 = -q*j. What is l(j)?
-3
Suppose -d + 13 = -4*g - 0*d, -5*d = -25. Let k(f) = 19*f**2 + f. Let x(u) = 76*u**2 + 4*u. Let b(w) = g*x(w) + 9*k(w). Determine b(1).
20
Let b(d) = -d**3 + d**2 + d + 8. Let o = 262 - 262. Calculate b(o).
8
Let h(n) = -6*n**2 + 4 + 14*n**3 + 22*n**3 + 5*n + 20*n**3 + 12*n**3 - 67*n**3. Let i(v) = -v**3 + 5*v**2 + 7*v - 1. Let z be i(6). Determine h(z).
4
Let r(h) = 3*h + 4 - 9*h + 3*h. Let f = -4 - -2. Let o be (3/f)/((-3)/6). Give r(o).
-5
Let d(n) = 0*n**3 - n**3 - 6*n**3 + 1 - 2*n**2. Suppose -3*a + 4*b - 1 = 0, -7*b = -4*a - 5*b + 2. Give d(a).
-8
Suppose -3*j - 4*s = -52 + 63, 23 = -4*j + 3*s. Let q(v) = -2*v - 3. What is q(j)?
7
Let v(r) = 2*r - r**3 - r + 100 - 3*r + r - 81. Suppose 16 = 4*m - 4. Suppose 0*s = -m*s. Calculate v(s).
19
Let w(d) = d**2 - 17*d - 33. Suppose -19 = -44*c + 43*c. Determine w(c).
5
Let j(p) be the third derivative of p**6/30 + p**5/60 - p**3/6 + p**2. Let u(v) = -3*v**3 - v**2. Let g be u(-1). Let n be ((-15)/15)/(g - 1). What is j(n)?
-4
Let k(z) be the first derivative of -z**3/3 - z**2 - 4*z - 142. Determine k(-3).
-7
Let k(j) = 15*j. Let x = 10 - 5. Suppose -2*m = -s - 15, 0*m + x*s = -5*m + 45. Let y be ((-4)/m)/(1/2). Determine k(y).
-15
Suppose -y + 3*n + 24 = 2*y, -3*n = 5*y - 8. Let z(w) = -4*w + 30. Let m(a) = 5*a - 36. Let p(j) = 5*m(j) + 6*z(j). Calculate p(y).
4
Suppose 244 = -27*b + 28. Let y(d) = -d**2 - d - 1. Let c(p) = -5*p**2 + 3*p + 2. Let w(v) = c(v) - 6*y(v). Calculate w(b).
0
Let c(q) = -7*q**2 - q - 8. Suppose 2*d = -4*u + 22, -32 = -5*u - 0*d + 2*d. Let z(f) = -6*f**2 - 7. Let p(r) = u*z(r) - 5*c(r). Determine p(4).
2
Let t(y) = -4*y + 204. Let r be t(53). Let x(g) = -g**3 - 7*g**2 + 10*g + 8. Determine x(r).
-8
Let q(h) = 2 + 1 - 19*h - 32*h - 27*h + 83*h. Let f be (-2)/(-3) + 22/(-6). Give q(f).
-12
Let g be (-1)/(-2) + (-6)/12. Let t(p) = 5*p - 28 - 6*p + 27. Give t(g).
-1
Let t(s) = s**3 - 446*s - 12*s**2 + 447*s - s**2 + 2. Give t(13).
15
Let g be 3/(-3 - 7/(-2)). Let z(h) = 3*h**3 + 15*h**2 + 14*h + 1. Let x = 36 + -31. Let o(k) = k**3 + 7*k**2 + 7*k. Let v(r) = x*o(r) - 2*z(r). Give v(g).
4
Let p = 6 + -4. Let h(y) = y**p - 2*y**2 + 3 - 4*y - 4. Let z be (-8 + (-390)/(-45))/((-30)/27 + 1). Determine h(z).
-13
Let j(u) = -7*u. Let f(o) = o**3 + 15*o**2 + 2*o + 28. Let n be f(-15). What is j(n)?
14
Let j(d) = 2*d - 12. Suppose 0 = -2*w - 5*i + 2, -2*w + i + 3*i = -38. Calculate j(w).
10
Let v(y) = y**2 + 3*y - 2. Let b = 64 - 96. Let p = b + -5. Let o = 34 + p. Give v(o).
-2
Let m(a) = 6*a - 9. Let g(o) = 6*o - 10. Let v(s) = -5*g(s) + 6*m(s). Let n(t) = t. Let b(u) = -5*n(u) + v(u). Give b(5).
1
Let o(f) = -6*f + 4*f + 5*f - 3. Calculate o(-4).
-15
Let g = -4 - 1. Let f(x) = -2*x**2 - 7*x - 1. Let w be f(-3). Let o(y) = 3*y**w + 8*y - 13*y + 10*y - 2*y**2. What is o(g)?
0
Suppose -5*c - 24 - 6 = 0. Let a(n) = -5*n - 8. Let w(v) = -3*v - 5. Let i(o) = -4*a(o) + 7*w(o). What is i(c)?
3
Suppose -4*c - 15 = x, -7 = -3*x + 8*x + 3*c. Let p(g) = -2*g**2 - 2*g + 1. Determine p(x).
-3
Let r be ((-32)/(-6))/((-45)/((-1485)/(-22))). Let b(v) = -v**3 - 6*v**2 + 10*v - 3. Give b(r).
45
Let b(x) = -x**3 - 2*x + 6. Let u be b(0). Let t(p) = 9 - p**3 - 3*p - u*p**2 - 12 + 5*p. Calculate t(-6).
-15
Let i(y) = -3 + 0*y**2 - 6*y**2 + 191*y + 3*y**2 - 187*y. Determine i(3).
-18
Let c(r) = 5*r - 4. Let a(x) = 5 + 18 + 28 - 12 - 51*x. Let f(s) = 2*a(s) + 21*c(s). Determine f(7).
15
Let j = -36 - -68. Suppose 5*h + 0*n + n - 15 = 0, -2*h - n + 3 = 0. Let i be 48/j*h/(-3). Let w(z) = -z**2 + 2*z + 1. Determine w(i).
-7
Let v(j) = j**3 + 5*j**2 - j + 1. Let f be v(-5). Let y(i) be the third derivative of i**6/120 - i**5/10 - i**4/12 - i**3/6 + 105*i**2 + 3. Give y(f).
-13
Let y(j) = -j**2 + 14*j - 8. Let a be y(13). Suppose a*b = 33 + 17. Suppose 0 = -f, -5*u - 6*f + f = b. Let l(i) = -i**2 - 2*i - 3. Give l(u).
-3
Suppose -2 = -z - 2*p, 4*z - 6 = 3*z + 2*p. Suppose 4*f - 4*j + z = 0, -10*f = -5*f + 3*j + 29. Let o(g) = -g**3 + 6*g + 3*g**2 - 5*g**2 + 2 - g**2. Give o(f).
-6
Let a(q) = q**3 - 8*q**2 - 3*q + 2. Suppose 0 = -5*m + 15, 5*m + 17 = -l + 5*l. What is a(l)?
-22
Let p be 2 - ((2 - 4) + 1). Suppose -p*b - 30 = 3*u, 5*u - 5*b = 2*u + 2. Let i(a) be the second derivative of -a**4/12 - 5*a**3/6 + 3*a**2 - 6*a. Give i(u).
0
Let g(q) = 11*q - 5. Let d(a) = 5*a - 2. Let s(z) = 7*d(z) - 3*g(z). Let h(c) = -3*c**2 - 9*c - 2. Let i be h(-3). Determine s(i).
-3
Suppose 3*j = -4*j + 56. Suppose 28 = j*t - t. Let m(c) = -3*c - 5. Give m(t).
-17
Let o(m) = 14 + 9 + 3 - 27 + 7 + 6*m. What is o(-3)?
-12
Let q(l) be the second derivative of l**4/6 - 3*l**2 - 3*l. Let h be q(3). Suppose -h = -3*i + 6. Let y(t) = t + 1. Calculate y(i).
7
Le